*p + 1197 = 5*v, -v + 69 + 175 = -4*p. What is the hundreds digit of v?
2
Suppose -5*w + 3*l = 4*l - 54, -2*w + 36 = 4*l. Suppose -3*m + w = -8. What is the units digit of (-40)/m*18/(-15)?
8
Let c = 162 - 73. What is the tens digit of c?
8
Suppose 17 = 5*m + 2. Let x(t) = t + 1. Let u be x(m). Suppose -w - u*w + 2 = -3*p, 4*p = -w + 28. What is the units digit of p?
6
Let j(b) be the third derivative of -7/60*b**5 + 2*b**2 + 7/24*b**4 + 1/120*b**6 + 0*b + 0 + 2/3*b**3. What is the units digit of j(6)?
0
Suppose -5*n - 125 = 5. Let x = 48 + n. What is the tens digit of x?
2
Let i(u) = 5*u**2 + u. Let j be i(1). Suppose 3*q = 5*k + 13, -k - 2*k = j. What is the units digit of q?
1
Suppose -5*y + 37 = -2*j + 5*j, y - 11 = -j. Suppose -n + 0 = -j. What is the units digit of n?
9
Let k = -18 - -41. Suppose v = -3*h + 27, -3*h = h - 3*v - k. Suppose -h = -m - 3. What is the units digit of m?
5
Let w(m) = -9 - 6*m + 4*m + 6*m. What is the tens digit of w(7)?
1
Let m = 110 - 51. What is the tens digit of m?
5
Suppose -6*i + 2*i - 5*p - 56 = 0, 2*i + 2*p + 26 = 0. Let c = i - -29. What is the tens digit of c?
2
Let w be (-1 - -3) + -1 + 63. Suppose w - 14 = a. Suppose a = 5*f - 0*f. What is the units digit of f?
0
Let z(f) = -2*f**3 + 4*f**2. Suppose 2*w - 3*t = 3, 3*w + 7 = 4*w + 4*t. Let b be z(w). What is the units digit of (-1)/(-2) - b/4?
5
Suppose 13 = 2*g - 1. Suppose 8 = -l - 2*w - 0*w, 0 = 2*l - 4*w + 8. Let h = g + l. What is the units digit of h?
1
Suppose -4*z - 49 = -297. What is the units digit of z?
2
Let t be 66/(-9) - (-4)/12. Let r(j) = j**2 + 7*j + 12. What is the units digit of r(t)?
2
Let r = -115 - -161. Suppose 0 = 4*d + 2*v - r, 3*v = v + 6. What is the units digit of d?
0
Let d(i) = i**3 + i**2 + i + 2. Let n be d(0). Let h = n + 9. What is the units digit of h?
1
Suppose 40 = 2*u + 14. Let o = 29 - u. What is the tens digit of o?
1
Let o(b) = 16*b**2 - 1. What is the tens digit of o(1)?
1
Suppose 0*i - 190 = -5*i. Suppose 4*l + i = 6*o - o, -5*o + 2*l = -44. What is the tens digit of o + 4 + (3 - 1)?
1
Suppose 33 = 3*p + 12. Suppose -3*a - 2*a = -20. Let z = a + p. What is the tens digit of z?
1
Let c = 71 - 49. Let r = -20 - -8. Let p = r + c. What is the tens digit of p?
1
What is the tens digit of (-898)/(-14) + 16/(-112)?
6
Suppose 2*d - 89 = 19. Suppose -5*l + d = 4. What is the units digit of l?
0
Suppose 0*o + 24 = o. What is the units digit of o?
4
Let g(q) = q**2 + 7*q - 8. What is the units digit of g(-10)?
2
Let b(n) = -n + 1. What is the units digit of b(-4)?
5
Let y(s) = -s**3 + 3*s - 4. Let w be y(3). Let f = w - -34. What is the tens digit of f?
1
Let l = 3 + -3. Let t be 2 + l/(1 + 2). Suppose -t*z - z = -24. What is the units digit of z?
8
Let f = -1 + 4. Suppose -f*y = a - 6*a - 16, y + 2*a = -2. What is the units digit of y?
2
Let c(h) = -h + 7. Let y be c(5). Suppose -5*o + 37 = y*j, -o + 2 + 3 = 0. What is the units digit of j?
6
Let m(y) be the second derivative of -y**5/20 - y**4/12 + y**3/3 + y**2 + 4*y. Suppose 3*g + 6 = -0*g. What is the units digit of m(g)?
2
Let j be (3/2)/((-3)/(-100)). What is the units digit of j/8 - 4/16?
6
Let r(o) = -5*o + 37. What is the units digit of r(-8)?
7
Let a(w) = -w**3 + 3*w**2 + 2*w - 3. Let s be a(3). Suppose -s*f + 4*f = 15. What is the units digit of f?
5
Suppose o - 2 - 8 = 0. What is the units digit of 2/o + (-117)/(-15)?
8
Let m = 15 - 7. Let s be (m/5)/(8/20). Let a = -1 + s. What is the units digit of a?
3
Let s(p) = p**3 - 9*p**2 - 11*p + 11. Let r = 27 + -11. Let z be (1 - -4)/(8/r). What is the units digit of s(z)?
1
What is the units digit of (1 - -6)*108/42?
8
Let t be (-1)/(-4) - (-35)/20. Let y = t + 10. Suppose -3*u + 2*u = -y. What is the tens digit of u?
1
Let k be 16/(-12)*(-18)/(-4). Suppose -3*l - 30 = -3*h, h + l - 6*l + 6 = 0. What is the units digit of h + k/(-1 + -2)?
6
Let y(h) = h**2 - 4*h + 3. Let k be y(3). Suppose k = -4*p + 25 + 19. What is the tens digit of p?
1
Let f be 2 - (-1 + (2 - -1)). Suppose l - 15 = -f. What is the tens digit of l?
1
Let f(g) = g**2 - 9*g - 3. Let r = -4 + 15. What is the tens digit of f(r)?
1
Suppose -3*u = i - 2*i - 132, 4 = -u. Let q(d) = 2*d**3 - 4. Let k be q(-2). What is the units digit of i/k - (-3)/(-15)?
7
Suppose -17*p = -21*p + 256. What is the units digit of p?
4
Suppose -b + 9 = 2*b. Suppose 0 = -2*k + 1 + b. What is the units digit of k?
2
Let c = 81 + 65. What is the units digit of c?
6
Let u(r) = -r - 4. Let k(d) = 5*d + 17. Let n(y) = -2*k(y) - 9*u(y). What is the units digit of n(0)?
2
Suppose 28*l - 5252 = 2*l. What is the units digit of l?
2
Let g = -6 + 22. What is the tens digit of g?
1
Let f = -28 + 59. What is the tens digit of f?
3
Let w be 1/2 - 14/(-4). Suppose 0 = -2*t + t. Suppose 4*x + 5*k = 15 + 9, t = w*x + k - 40. What is the units digit of x?
1
Let b = -9 - -63. What is the units digit of b?
4
Let j(r) be the first derivative of 16*r**3/3 - 3*r**2/2 - 1. Let l be j(2). Suppose 0 = -5*a + 2*t + l, 0*t - 3*t = -a + 9. What is the tens digit of a?
1
Let b be (-3)/(-2 - 2/2). Suppose 6 = d - b. What is the units digit of d?
7
Let z = -1 + 4. Let d = 8 - z. What is the units digit of d?
5
Let q be 2/(-4) + (-5)/(-10). What is the units digit of 9 + (q - (-1 - -3))?
7
Let i be 1*-14*3/(-6). Let a be 1/(i/(-3) + 2). What is the units digit of a/(-2) - (-2)/4?
2
Let b(x) = -x**2 - 7*x - 7. Let i be b(-5). Suppose 4*o - 3*d + 4 = 0, -4*o + 5*d = -i*o + 1. What is the units digit of (-3 + 0/(-2))*o?
3
Let p(y) = -24*y - 6. Let v(d) = -72*d - 17. Let t(q) = 11*p(q) - 4*v(q). What is the units digit of t(2)?
0
Let m = 1 - -4. Suppose 0 = m*a - 5*o - 5, 0*o = -4*a - 2*o - 14. Let p = a - -3. What is the units digit of p?
1
Let d(l) = 3*l**3 - 3*l + 2. Let u be d(2). Suppose -4*b = b - u. What is the units digit of b?
4
Let h = -112 + 203. What is the units digit of h?
1
Suppose 0 = -3*y - 0 - 30. Let k = y + 11. Suppose 3*l - 7 = -k. What is the units digit of l?
2
Let c(r) = r - 7. Let i be c(6). Let p be i + -3*(-12 + 1). Suppose 2*g - 23 = -g - 5*k, 5*g + 2*k = p. What is the units digit of g?
6
Let t(l) = l**2 + 8*l. Let a be t(-8). Let q = 17 + -13. Suppose 14 = -g - 3*h, -2*g + q*g - 2*h - 12 = a. What is the units digit of g?
1
Let i(x) = x**2 + 2*x + 20. Suppose 5*n = 3*f + 20, 0 = 6*f - 2*f - 5*n + 20. What is the units digit of i(f)?
0
Suppose -5*o + 144 = o. What is the units digit of o?
4
Suppose 9 = -3*x, 7*r = 2*r + 2*x - 34. Let h = r - -12. What is the units digit of h?
4
Let z = 98 + -56. What is the units digit of z?
2
Suppose -5*h = -115 - 15. What is the tens digit of h?
2
Let b = -8 + 5. What is the units digit of (-16)/(4 + -2 + b)?
6
Let m(i) = -9*i + 9. Let c(o) = -1. Let v(s) = 4*s - 2. Let d(l) = -3*c(l) - v(l). Let r(u) = -5*d(u) + 2*m(u). What is the units digit of r(5)?
3
Suppose -5*c - 23 = -c - 5*b, -c = -4*b + 14. What is the tens digit of (9/c)/(7/(-42))?
2
Let o = -1 - -2. Let s(b) = 11*b**2 + 1. What is the tens digit of s(o)?
1
Let k(y) = y**2 + 3*y. Let r = 4 - 4. Suppose r = 3*c + 2*c + 20. What is the units digit of k(c)?
4
Let n = -2 + 65. What is the tens digit of n?
6
Let s(l) be the first derivative of l**4/12 + 4*l**3/3 + l**2/2 - l - 3. Let i(x) be the first derivative of s(x). What is the units digit of i(-8)?
1
Suppose 8*q = 1675 - 435. What is the hundreds digit of q?
1
Suppose 0 = -2*p - 5*q + 4, -4*p + 3*q + 8 = q. Suppose 0 = 5*s + f - p, 4*s + 9 = 4*f + 1. Suppose 13 = -s*h + h. What is the tens digit of h?
1
Suppose 5*g = -0*g - 5*j + 775, g + 2*j - 152 = 0. What is the tens digit of g?
5
Let j(k) = -5*k. Let o be j(-2). Let s(f) = -f**2 + 11*f - 3. Let i be s(o). Suppose -i = 4*y - 35. What is the units digit of y?
7
Let v be 7/(-28) + 58/8. Suppose -v = -i - 2. Suppose -i = -5*n + 30. What is the units digit of n?
7
Let t be 6/9*12/8. What is the units digit of (-12)/4 + 11/t?
8
Suppose -3*t + 0*j = -3*j - 3, 4*j = -4*t + 12. Let x(n) = -2*n + 3. Let c be x(t). What is the units digit of 10/(-2)*(-2 - c)?
5
What is the units digit of 12/(2/88*6)?
8
Let j = -1 + 91. Suppose 18 = -4*h + t + 73, 5*h - j = -3*t. What is the units digit of h?
5
Let b be -8*(10/4)/(-5). Let z = 16 - b. What is the tens digit of z?
1
Suppose -3*x + 53 